{"id":18,"date":"2018-01-24T16:09:49","date_gmt":"2018-01-24T21:09:49","guid":{"rendered":"http:\/\/www.actualidadambiental.pe\/pajonales\/?page_id=18"},"modified":"2018-04-26T17:27:44","modified_gmt":"2018-04-26T22:27:44","slug":"fuego-pajonal","status":"publish","type":"page","link":"https:\/\/www.actualidadambiental.pe\/pajonales\/fuego-pajonal\/","title":{"rendered":"Incendios forestales"},"content":{"rendered":"<h2><span style=\"color: #008080;\">Incendios forestales en el Per\u00fa<\/span><\/h2>\n<p>&nbsp;<\/p>\n<p>Los incendios forestales son un problema constante en regiones como Amazonas, Hu\u00e1nuco, Jun\u00edn, Pasco, Cusco y Cajamarca. En \u00e9pocas de poca lluvia y fuertes vientos, estas quemas o incendios tienden a propagarse. 2016 fue uno de los a\u00f1os con m\u00e1s incendios forestales de los \u00faltimos tiempos. Solo al interior de \u00e1reas protegidas, se quemaron m\u00e1s de 2600 hect\u00e1reas siendo el Parque Nacional Cutervo, el Santuario Nacional Tabaconas-Namballe, el Bosque de Protecci\u00f3n Pagaibamba, en Cajamarca, y el ACP Huaricancha (Piura), las \u00e1reas m\u00e1s afectadas. Recientemente, en noviembre del 2017, el ACP Milpuj-La Heredad (Amazonas) tambi\u00e9n se vio afectado por un incendio forestal.<\/p>\n<div class=\"infogram-embed\" data-id=\"fbc43870-dd13-4280-bb65-52cc124ef8f3\" data-type=\"interactive\" data-title=\"2016: uno de los a\u00f1os con m\u00e1s incendios forestales en el Per\u00fa\"><\/div>\n<p><script>!function(e,t,n,s){var i=\"InfogramEmbeds\",o=e.getElementsByTagName(t)[0],d=\/^http:\/.test(e.location)?\"http:\":\"https:\";if(\/^\\\/{2}\/.test(s)&&(s=d+s),window[i]&&window[i].initialized)window[i].process&&window[i].process();else if(!e.getElementById(n)){var a=e.createElement(t);a.async=1,a.id=n,a.src=s,o.parentNode.insertBefore(a,o)}}(document,\"script\",\"infogram-async\",\"https:\/\/e.infogram.com\/js\/dist\/embed-loader-min.js\");<\/script><\/p>\n<div style=\"padding: 8px 0; font-family: Arial!important; font-size: 13px!important; line-height: 15px!important; text-align: center; border-top: 1px solid #dadada; margin: 0 30px;\"><a style=\"color: #989898!important; text-decoration: none!important;\" href=\"https:\/\/infogram.com\/fbc43870-dd13-4280-bb65-52cc124ef8f3\" target=\"_blank\" rel=\"noopener\">2016<\/a><br \/>\n<a style=\"color: #989898!important; text-decoration: none!important;\" href=\"https:\/\/infogram.com\" target=\"_blank\" rel=\"nofollow noopener\">Infogram<\/a><\/div>\n<p>&nbsp;<\/p>\n<p>Cuando hablamos sobre incendios forestales, se piensa que lo que se quema es solo bosque. Sin embargo, muchos de estos incendios afectan ecosistemas fr\u00e1giles como los p\u00e1ramos y los bofedales, que junto con los pajonales de altura recargan los acu\u00edferos y regulan el abastecimiento de agua en cabeceras de cuenca. Pese a su importancia en cuanto a la provisi\u00f3n de servicios h\u00eddricos, en el Per\u00fa no hay una estrategia integral para enfrentar la quema de pajonales de altura, p\u00e1ramos y bofedales.<\/p>\n<p><figure style=\"width: 1024px\" class=\"wp-caption alignnone\"><img loading=\"lazy\" decoding=\"async\" class=\"alwaysThinglink\" style=\"max-width: 100%;\" src=\"\/\/cdn.thinglink.me\/api\/image\/1039953180567273475\/1024\/10\/scaletowidth#tl-1039953180567273475;'\" alt=\"\" width=\"1024\" height=\"664\" \/><figcaption class=\"wp-caption-text\">Alertas de fuego anuales en el Per\u00fa. Fuente: Global Forest Watch [Pasa el cursor sobre la imagen y encuentra m\u00e1s informaci\u00f3n]<\/figcaption><\/figure><script async charset=\"utf-8\" src=\"\/\/cdn.thinglink.me\/jse\/embed.js\"><\/script><\/p>\n<p>En nuestra legislaci\u00f3n no existe una definici\u00f3n clara sobre qu\u00e9 son pajonales, p\u00e1ramos o humedales altoandinos. A ello se suma el hecho de que no existe un catastro forestal detallado que los delimite y con el que las autoridades puedan determinar r\u00e1pidamente qu\u00e9 tipo de ecosistema es el que se ha visto afectado seg\u00fan sus coordenadas. En el caso espec\u00edfico de los pajonales, no se encuentran determinados por la legislaci\u00f3n como un recurso forestal y tampoco est\u00e1n incluidos en la lista de ecosistemas fr\u00e1giles. Adem\u00e1s, <strong><span style=\"color: #008080;\">la quema de pajonales no est\u00e1 tipificada como delito en el C\u00f3digo Penal, por ello, cuando se quema un pajonal, no se puede interponer una denuncia penal contra la persona que lo haya causado.<\/span><\/strong><\/p>\n<table width=\"432\">\n<tbody>\n<tr>\n<td width=\"432\">\n<h1><strong>+<\/strong><\/h1>\n<p><span style=\"color: #008080;\">El reglamento de la anterior Ley Forestal y de Fauna silvestre N\u00ba 27308, establec\u00eda un Sistema Nacional de Prevenci\u00f3n y Control de Incendios y Plagas Forestales, adem\u00e1s de un Plan de Prevenci\u00f3n y otros instrumentos de gesti\u00f3n incluidos en sus art\u00edculos 28 al 31, que en la realidad nunca fueron efectivamente aplicados.<\/span><br \/>\n<span style=\"color: #008080;\"><br \/>\nEn la nueva Ley Forestal y de Fauna Silvestre N\u00ba 29763 y su reglamento, se contempla la aprobaci\u00f3n, por parte del Serfor, de un Plan Nacional Forestal y de Fauna Silvestre, este deber\u00e1 regular acciones de prevenci\u00f3n y control de incendios forestales, entre otras acciones.<\/span><br \/>\n<span style=\"color: #008080;\"><br \/>\nA la fecha, dicho Plan contin\u00faa en construcci\u00f3n. Ante los incendios, el Estado ha venido actuando sobre la marcha. Por ejemplo, se dio declaraciones de emergencia en Cajamarca y Lambayeque, a fin de implementar medidas urgentes e inmediatas para prevenir y mitigar los efectos causados por los incendios forestales en dichas zonas.<\/span><br \/>\n<span style=\"color: #008080;\"><br \/>\nAsimismo, algunas dependencias descentralizadas del Serfor vienen trabajando de manera independiente en talleres para fortalecer actividades de prevenci\u00f3n en la poblaci\u00f3n, con el fin de evitar el uso irresponsable del fuego durante la preparaci\u00f3n de terrenos para cultivo agr\u00edcola, en el pastoreo y procesos artesanales de recolecci\u00f3n.<\/span><\/td>\n<\/tr>\n<\/tbody>\n<\/table>\n","protected":false},"excerpt":{"rendered":"<p>Incendios forestales en el Per\u00fa &nbsp; Los incendios forestales son un problema constante en regiones como Amazonas, Hu\u00e1nuco, Jun\u00edn, Pasco, Cusco y Cajamarca. En \u00e9pocas de poca lluvia y fuertes vientos, estas quemas o incendios tienden a propagarse. 2016 fue uno de los a\u00f1os con m\u00e1s incendios forestales de los \u00faltimos tiempos. Solo al interior &hellip; <\/p>\n<p class=\"link-more\"><a href=\"https:\/\/www.actualidadambiental.pe\/pajonales\/fuego-pajonal\/\" class=\"more-link\">Continuar leyendo<span class=\"screen-reader-text\"> \u00abIncendios forestales\u00bb<\/span><\/a><\/p>\n","protected":false},"author":1,"featured_media":354,"parent":0,"menu_order":0,"comment_status":"closed","ping_status":"closed","template":"","meta":{"_monsterinsights_skip_tracking":false,"_monsterinsights_sitenote_active":false,"_monsterinsights_sitenote_note":"","_monsterinsights_sitenote_category":0,"footnotes":""},"class_list":["post-18","page","type-page","status-publish","has-post-thumbnail","hentry"],"_links":{"self":[{"href":"https:\/\/www.actualidadambiental.pe\/pajonales\/wp-json\/wp\/v2\/pages\/18","targetHints":{"allow":["GET"]}}],"collection":[{"href":"https:\/\/www.actualidadambiental.pe\/pajonales\/wp-json\/wp\/v2\/pages"}],"about":[{"href":"https:\/\/www.actualidadambiental.pe\/pajonales\/wp-json\/wp\/v2\/types\/page"}],"author":[{"embeddable":true,"href":"https:\/\/www.actualidadambiental.pe\/pajonales\/wp-json\/wp\/v2\/users\/1"}],"replies":[{"embeddable":true,"href":"https:\/\/www.actualidadambiental.pe\/pajonales\/wp-json\/wp\/v2\/comments?post=18"}],"version-history":[{"count":28,"href":"https:\/\/www.actualidadambiental.pe\/pajonales\/wp-json\/wp\/v2\/pages\/18\/revisions"}],"predecessor-version":[{"id":396,"href":"https:\/\/www.actualidadambiental.pe\/pajonales\/wp-json\/wp\/v2\/pages\/18\/revisions\/396"}],"wp:featuredmedia":[{"embeddable":true,"href":"https:\/\/www.actualidadambiental.pe\/pajonales\/wp-json\/wp\/v2\/media\/354"}],"wp:attachment":[{"href":"https:\/\/www.actualidadambiental.pe\/pajonales\/wp-json\/wp\/v2\/media?parent=18"}],"curies":[{"name":"wp","href":"https:\/\/api.w.org\/{rel}","templated":true}]}}

<h2><span style="color: #008080;">Incendios forestales en el Perú</span></h2>
<p>&nbsp;</p>
<p>Los incendios forestales son un problema constante en regiones como Amazonas, Huánuco, Junín, Pasco, Cusco y Cajamarca. En épocas de poca lluvia y fuertes vientos, estas quemas o incendios tienden a propagarse. 2016 fue uno de los años con más incendios forestales de los últimos tiempos. Solo al interior de áreas protegidas, se quemaron más de 2600 hectáreas siendo el Parque Nacional Cutervo, el Santuario Nacional Tabaconas-Namballe, el Bosque de Protección Pagaibamba, en Cajamarca, y el ACP Huaricancha (Piura), las áreas más afectadas. Recientemente, en noviembre del 2017, el ACP Milpuj-La Heredad (Amazonas) también se vio afectado por un incendio forestal.</p>
<div class="infogram-embed" data-id="fbc43870-dd13-4280-bb65-52cc124ef8f3" data-type="interactive" data-title="2016: uno de los años con más incendios forestales en el Perú"></div>
<p><script>!function(e,t,n,s){var i="InfogramEmbeds",o=e.getElementsByTagName(t)[0],d=/^http:/.test(e.location)?"http:":"https:";if(/^\/{2}/.test(s)&&(s=d+s),window[i]&&window[i].initialized)window[i].process&&window[i].process();else if(!e.getElementById(n)){var a=e.createElement(t);a.async=1,a.id=n,a.src=s,o.parentNode.insertBefore(a,o)}}(document,"script","infogram-async","https://e.infogram.com/js/dist/embed-loader-min.js");</script></p>
<div style="padding: 8px 0; font-family: Arial!important; font-size: 13px!important; line-height: 15px!important; text-align: center; border-top: 1px solid #dadada; margin: 0 30px;"><a style="color: #989898!important; text-decoration: none!important;" href="https://infogram.com/fbc43870-dd13-4280-bb65-52cc124ef8f3" target="_blank" rel="noopener">2016</a><br />
<a style="color: #989898!important; text-decoration: none!important;" href="https://infogram.com" target="_blank" rel="nofollow noopener">Infogram</a></div>
<p>&nbsp;</p>
<p>Cuando hablamos sobre incendios forestales, se piensa que lo que se quema es solo bosque. Sin embargo, muchos de estos incendios afectan ecosistemas frágiles como los páramos y los bofedales, que junto con los pajonales de altura recargan los acuíferos y regulan el abastecimiento de agua en cabeceras de cuenca. Pese a su importancia en cuanto a la provisión de servicios hídricos, en el Perú no hay una estrategia integral para enfrentar la quema de pajonales de altura, páramos y bofedales.</p>
<p><figure style="width: 1024px" class="wp-caption alignnone"><img loading="lazy" decoding="async" class="alwaysThinglink" style="max-width: 100%;" src="//cdn.thinglink.me/api/image/1039953180567273475/1024/10/scaletowidth#tl-1039953180567273475;'" alt="" width="1024" height="664" /><figcaption class="wp-caption-text">Alertas de fuego anuales en el Perú. Fuente: Global Forest Watch [Pasa el cursor sobre la imagen y encuentra más información]</figcaption></figure><script async charset="utf-8" src="//cdn.thinglink.me/jse/embed.js"></script></p>
<p>En nuestra legislación no existe una definición clara sobre qué son pajonales, páramos o humedales altoandinos. A ello se suma el hecho de que no existe un catastro forestal detallado que los delimite y con el que las autoridades puedan determinar rápidamente qué tipo de ecosistema es el que se ha visto afectado según sus coordenadas. En el caso específico de los pajonales, no se encuentran determinados por la legislación como un recurso forestal y tampoco están incluidos en la lista de ecosistemas frágiles. Además, <strong><span style="color: #008080;">la quema de pajonales no está tipificada como delito en el Código Penal, por ello, cuando se quema un pajonal, no se puede interponer una denuncia penal contra la persona que lo haya causado.</span></strong></p>
<table width="432">
<tbody>
<tr>
<td width="432">
<h1><strong>+</strong></h1>
<p><span style="color: #008080;">El reglamento de la anterior Ley Forestal y de Fauna silvestre Nº 27308, establecía un Sistema Nacional de Prevención y Control de Incendios y Plagas Forestales, además de un Plan de Prevención y otros instrumentos de gestión incluidos en sus artículos 28 al 31, que en la realidad nunca fueron efectivamente aplicados.</span><br />
<span style="color: #008080;"><br />
En la nueva Ley Forestal y de Fauna Silvestre Nº 29763 y su reglamento, se contempla la aprobación, por parte del Serfor, de un Plan Nacional Forestal y de Fauna Silvestre, este deberá regular acciones de prevención y control de incendios forestales, entre otras acciones.</span><br />
<span style="color: #008080;"><br />
A la fecha, dicho Plan continúa en construcción. Ante los incendios, el Estado ha venido actuando sobre la marcha. Por ejemplo, se dio declaraciones de emergencia en Cajamarca y Lambayeque, a fin de implementar medidas urgentes e inmediatas para prevenir y mitigar los efectos causados por los incendios forestales en dichas zonas.</span><br />
<span style="color: #008080;"><br />
Asimismo, algunas dependencias descentralizadas del Serfor vienen trabajando de manera independiente en talleres para fortalecer actividades de prevención en la población, con el fin de evitar el uso irresponsable del fuego durante la preparación de terrenos para cultivo agrícola, en el pastoreo y procesos artesanales de recolección.</span></td>
</tr>
</tbody>
</table>

<p>Incendios forestales en el Perú &nbsp; Los incendios forestales son un problema constante en regiones como Amazonas, Huánuco, Junín, Pasco, Cusco y Cajamarca. En épocas de poca lluvia y fuertes vientos, estas quemas o incendios tienden a propagarse. 2016 fue uno de los años con más incendios forestales de los últimos tiempos. Solo al interior &hellip; </p>
<p class="link-more"><a href="https://www.actualidadambiental.pe/pajonales/fuego-pajonal/" class="more-link">Continuar leyendo<span class="screen-reader-text"> «Incendios forestales»</span></a></p>
